{"id":133,"date":"2025-02-04T15:00:16","date_gmt":"2025-02-04T20:00:16","guid":{"rendered":"https:\/\/sepresac.provinfor.net\/?page_id=133"},"modified":"2025-02-06T09:23:07","modified_gmt":"2025-02-06T14:23:07","slug":"ejes","status":"publish","type":"page","link":"https:\/\/sepresac.provinfor.net\/index.php\/ejes\/","title":{"rendered":"Ejes Estrat\u00e9gicos"},"content":{"rendered":"\n<p><\/p>\n\n\n\n<p>Son 4 los Ejes estrat\u00e9gicos los cuales detallamos a continuaci\u00f3n <em>Educaci\u00f3n y Formaci\u00f3n C\u00edvica<\/em>, <em>Movilizaci\u00f3n Comunitaria<\/em>, <em>Sensibilizaci\u00f3n y Comunicaci\u00f3n<\/em>, Monitoreo y Evaluaci\u00f3n.<\/p>\n\n\n\n<p class=\"has-large-font-size\"><em><strong>1. Educaci\u00f3n y Formaci\u00f3n C\u00edvica<\/strong><\/em><\/p>\n\n\n\n<p><strong><em>Curr\u00edculo nacional:<\/em><\/strong><em>&nbsp;Dise\u00f1o de un plan pedag\u00f3gico con enfoque en:<\/em><\/p>\n\n\n\n<ul class=\"wp-block-list\">\n<li><em>Historia constitucional de Panam\u00e1.<\/em><\/li>\n\n\n\n<li><em>Principios fundamentales de la democracia.<\/em><\/li>\n\n\n\n<li><em>Derechos humanos sociales, culturales, econ\u00f3micos y responsabilidades ciudadanas.<\/em><\/li>\n\n\n\n<li><em>Rol de la ciudadan\u00eda en el proceso constituyente originario.<\/em><\/li>\n\n\n\n<li><em>Capacitaci\u00f3n de alfabetizadores: Formaci\u00f3n intensiva de docentes y l\u00edderes comunitarios mediante talleres presenciales y virtuales.<\/em><\/li>\n\n\n\n<li><em>Programas de inclusi\u00f3n: Adaptaci\u00f3n de contenidos para personas con discapacidad y comunidades ind\u00edgenas en sus lenguas originarias<\/em><\/li>\n<\/ul>\n\n\n\n<p class=\"has-large-font-size\"><strong>2. <em>Movilizaci\u00f3n Comunitaria<\/em><\/strong><\/p>\n\n\n\n<p><\/p>\n\n\n\n<ul class=\"wp-block-list\">\n<li><strong><em>Comit\u00e9s de alfabetizaci\u00f3n constitucional<\/em><\/strong>, organizados por corregimientos y sectores. Estos comit\u00e9s se encargar\u00e1n de coordinar actividades locales.<\/li>\n\n\n\n<li><strong><em>Liderazgo comunitario:<\/em><\/strong>&nbsp;Identificaci\u00f3n y capacitaci\u00f3n de l\u00edderes locales para actuar como embajadores de la alfabetizaci\u00f3n.<\/li>\n\n\n\n<li><strong><em>Voluntariado nacional:<\/em><\/strong>&nbsp;Promoci\u00f3n de un movimiento de alfabetizaci\u00f3n masiva que involucre a j\u00f3venes, educadores y organizaciones de la sociedad civil.<\/li>\n<\/ul>\n\n\n\n<p class=\"has-large-font-size\"><strong>3. <em><strong><em>Sensibilizaci\u00f3n y Comunicaci\u00f3n<\/em><\/strong><\/em><\/strong><\/p>\n\n\n\n<ul class=\"wp-block-list\">\n<li><strong>Campa\u00f1a <\/strong><strong>nacional:<\/strong>&nbsp;Difusi\u00f3n de mensajes claros y atractivos sobre la importancia del proceso constituyente, utilizando radio, televisi\u00f3n, redes sociales y medios comunitarios.<\/li>\n\n\n\n<li><strong>Materiales educativos multimedia:<\/strong>&nbsp;Producci\u00f3n de infograf\u00edas, videos, podcasts y manuales accesibles para diferentes p\u00fablicos. Di\u00e1logo<strong> abierto:<\/strong>&nbsp;Creaci\u00f3n de foros, cabildos y conversatorios ciudadanos<\/li>\n<\/ul>\n\n\n\n<p class=\"has-large-font-size\"><strong>4. Monitoreo y Evaluaci\u00f3n<\/strong><\/p>\n\n\n\n<p>\u25cf<strong><em>Indicadores de impacto:<\/em><\/strong><em>&nbsp;Definici\u00f3n de m\u00e9tricas para evaluar el alcance y la efectividad del programa.<\/em><\/p>\n\n\n\n<p><strong><em>Plataforma digital:<\/em><\/strong><em>&nbsp;Implementaci\u00f3n de un sistema en l\u00ednea para el seguimiento de avances y la recolecci\u00f3n de retroalimentaci\u00f3n ciudadana<\/em>.<\/p>\n\n\n\n<p><\/p>\n","protected":false},"excerpt":{"rendered":"<p>Son 4 los Ejes estrat\u00e9gicos los cuales detallamos a continuaci\u00f3n Educaci\u00f3n y Formaci\u00f3n C\u00edvica, Movilizaci\u00f3n Comunitaria, Sensibilizaci\u00f3n y Comunicaci\u00f3n, Monitoreo y Evaluaci\u00f3n. 1. Educaci\u00f3n y Formaci\u00f3n C\u00edvica Curr\u00edculo nacional:&nbsp;Dise\u00f1o de un plan pedag\u00f3gico con enfoque en: 2. Movilizaci\u00f3n Comunitaria 3. Sensibilizaci\u00f3n y Comunicaci\u00f3n 4. Monitoreo y Evaluaci\u00f3n \u25cfIndicadores de impacto:&nbsp;Definici\u00f3n de m\u00e9tricas para evaluar el [&hellip;]<\/p>\n","protected":false},"author":1,"featured_media":0,"parent":0,"menu_order":0,"comment_status":"closed","ping_status":"closed","template":"","meta":{"footnotes":""},"class_list":["post-133","page","type-page","status-publish","hentry"],"_links":{"self":[{"href":"https:\/\/sepresac.provinfor.net\/index.php\/wp-json\/wp\/v2\/pages\/133","targetHints":{"allow":["GET"]}}],"collection":[{"href":"https:\/\/sepresac.provinfor.net\/index.php\/wp-json\/wp\/v2\/pages"}],"about":[{"href":"https:\/\/sepresac.provinfor.net\/index.php\/wp-json\/wp\/v2\/types\/page"}],"author":[{"embeddable":true,"href":"https:\/\/sepresac.provinfor.net\/index.php\/wp-json\/wp\/v2\/users\/1"}],"replies":[{"embeddable":true,"href":"https:\/\/sepresac.provinfor.net\/index.php\/wp-json\/wp\/v2\/comments?post=133"}],"version-history":[{"count":5,"href":"https:\/\/sepresac.provinfor.net\/index.php\/wp-json\/wp\/v2\/pages\/133\/revisions"}],"predecessor-version":[{"id":188,"href":"https:\/\/sepresac.provinfor.net\/index.php\/wp-json\/wp\/v2\/pages\/133\/revisions\/188"}],"wp:attachment":[{"href":"https:\/\/sepresac.provinfor.net\/index.php\/wp-json\/wp\/v2\/media?parent=133"}],"curies":[{"name":"wp","href":"https:\/\/api.w.org\/{rel}","templated":true}]}}